{"id":37,"date":"2024-12-10T21:23:43","date_gmt":"2024-12-10T21:23:43","guid":{"rendered":"https:\/\/reentramadosparalavida.org\/?page_id=37"},"modified":"2025-08-14T02:19:25","modified_gmt":"2025-08-14T02:19:25","slug":"ejes-de-trabajo","status":"publish","type":"page","link":"https:\/\/reentramadosparalavida.org\/index.php\/ejes-de-trabajo\/","title":{"rendered":"Ejes de trabajo"},"content":{"rendered":"\n<div class=\"wp-block-cover alignfull has-parallax\" style=\"min-height:350px;aspect-ratio:unset;\"><div class=\"wp-block-cover__image-background wp-image-268 has-parallax\" style=\"background-position:50% 50%;background-image:url(https:\/\/reentramadosparalavida.org\/wp-content\/uploads\/2025\/04\/8M25Costa-43-scaled.jpg)\"><\/div><span aria-hidden=\"true\" class=\"wp-block-cover__background has-black-background-color has-background-dim-30 has-background-dim\"><\/span><div class=\"wp-block-cover__inner-container is-layout-constrained wp-block-cover-is-layout-constrained\">\n<p class=\"has-text-align-center has-white-color has-text-color has-link-color wp-elements-1 wp-block-paragraph\" style=\"font-size:50px\"><strong>EJES DE TRABAJO<\/strong><\/p>\n<\/div><\/div>\n\n\n\n<div style=\"height:50px\" aria-hidden=\"true\" class=\"wp-block-spacer\"><\/div>\n\n\n\n<p class=\"has-medium-font-size wp-block-paragraph\"><strong>Nuestra lucha se centra en fortalecer a las organizaciones comprometidas con la defensa del territorio y la justicia ambiental. <\/strong>Frente a los m\u00faltiples desaf\u00edos que enfrentamos, buscamos soluciones mediante el trabajo organizado. A trav\u00e9s de nuestras l\u00edneas estrat\u00e9gicas, impulsamos alternativas para el manejo responsable y sostenible de los bienes territoriales.<\/p>\n\n\n\n<div class=\"wp-block-buttons is-content-justification-center is-layout-flex wp-container-core-buttons-is-layout-fe48e5de wp-block-buttons-is-layout-flex\">\n<div class=\"wp-block-button\"><a class=\"wp-block-button__link wp-element-button\" href=\"https:\/\/reentramadosparalavida.org\/index.php\/educacion-popular-ambiental\/\">Educaci\u00f3n Popular Ambiental<\/a><\/div>\n<\/div>\n\n\n\n<div style=\"height:30px\" aria-hidden=\"true\" class=\"wp-block-spacer\"><\/div>\n\n\n\n<div class=\"wp-block-buttons is-content-justification-center is-layout-flex wp-container-core-buttons-is-layout-fe48e5de wp-block-buttons-is-layout-flex\">\n<div class=\"wp-block-button\"><a class=\"wp-block-button__link wp-element-button\" href=\"https:\/\/reentramadosparalavida.org\/index.php\/defensa-del-territorio-y-feminismos-comunitarios\/\">Defensa del Territorio y Feminismos Comunitarios<\/a><\/div>\n<\/div>\n\n\n\n<div style=\"height:30px\" aria-hidden=\"true\" class=\"wp-block-spacer\"><\/div>\n\n\n\n<div class=\"wp-block-buttons is-content-justification-center is-layout-flex wp-container-core-buttons-is-layout-fe48e5de wp-block-buttons-is-layout-flex\">\n<div class=\"wp-block-button\"><a class=\"wp-block-button__link wp-element-button\" href=\"https:\/\/reentramadosparalavida.org\/index.php\/fortalecimiento-politico-organizativo\/\">Fortalecimiento Pol\u00edtico Organizativo<\/a><\/div>\n<\/div>\n\n\n\n<div style=\"height:30px\" aria-hidden=\"true\" class=\"wp-block-spacer\"><\/div>\n","protected":false},"excerpt":{"rendered":"<p>Nuestra lucha se centra en fortalecer a las organizaciones comprometidas con la defensa del territorio y la justicia ambiental. Frente a los m\u00faltiples desaf\u00edos que enfrentamos, buscamos soluciones mediante el trabajo organizado. A trav\u00e9s de nuestras l\u00edneas estrat\u00e9gicas, impulsamos alternativas para el manejo responsable y sostenible de los bienes territoriales.<\/p>\n","protected":false},"author":1,"featured_media":123,"parent":0,"menu_order":0,"comment_status":"closed","ping_status":"closed","template":"page-templates\/page-builder-with-container.php","meta":{"footnotes":""},"class_list":["post-37","page","type-page","status-publish","has-post-thumbnail","hentry"],"_links":{"self":[{"href":"https:\/\/reentramadosparalavida.org\/index.php\/wp-json\/wp\/v2\/pages\/37","targetHints":{"allow":["GET"]}}],"collection":[{"href":"https:\/\/reentramadosparalavida.org\/index.php\/wp-json\/wp\/v2\/pages"}],"about":[{"href":"https:\/\/reentramadosparalavida.org\/index.php\/wp-json\/wp\/v2\/types\/page"}],"author":[{"embeddable":true,"href":"https:\/\/reentramadosparalavida.org\/index.php\/wp-json\/wp\/v2\/users\/1"}],"replies":[{"embeddable":true,"href":"https:\/\/reentramadosparalavida.org\/index.php\/wp-json\/wp\/v2\/comments?post=37"}],"version-history":[{"count":6,"href":"https:\/\/reentramadosparalavida.org\/index.php\/wp-json\/wp\/v2\/pages\/37\/revisions"}],"predecessor-version":[{"id":395,"href":"https:\/\/reentramadosparalavida.org\/index.php\/wp-json\/wp\/v2\/pages\/37\/revisions\/395"}],"wp:featuredmedia":[{"embeddable":true,"href":"https:\/\/reentramadosparalavida.org\/index.php\/wp-json\/wp\/v2\/media\/123"}],"wp:attachment":[{"href":"https:\/\/reentramadosparalavida.org\/index.php\/wp-json\/wp\/v2\/media?parent=37"}],"curies":[{"name":"wp","href":"https:\/\/api.w.org\/{rel}","templated":true}]}}

<div class="wp-block-cover alignfull has-parallax" style="min-height:350px;aspect-ratio:unset;"><div class="wp-block-cover__image-background wp-image-268 has-parallax" style="background-position:50% 50%;background-image:url(https://reentramadosparalavida.org/wp-content/uploads/2025/04/8M25Costa-43-scaled.jpg)"></div><span aria-hidden="true" class="wp-block-cover__background has-black-background-color has-background-dim-30 has-background-dim"></span><div class="wp-block-cover__inner-container is-layout-constrained wp-block-cover-is-layout-constrained">
<p class="has-text-align-center has-white-color has-text-color has-link-color wp-elements-1 wp-block-paragraph" style="font-size:50px"><strong>EJES DE TRABAJO</strong></p>
</div></div>



<div style="height:50px" aria-hidden="true" class="wp-block-spacer"></div>



<p class="has-medium-font-size wp-block-paragraph"><strong>Nuestra lucha se centra en fortalecer a las organizaciones comprometidas con la defensa del territorio y la justicia ambiental. </strong>Frente a los múltiples desafíos que enfrentamos, buscamos soluciones mediante el trabajo organizado. A través de nuestras líneas estratégicas, impulsamos alternativas para el manejo responsable y sostenible de los bienes territoriales.</p>



<div class="wp-block-buttons is-content-justification-center is-layout-flex wp-container-core-buttons-is-layout-fe48e5de wp-block-buttons-is-layout-flex">
<div class="wp-block-button"><a class="wp-block-button__link wp-element-button" href="https://reentramadosparalavida.org/index.php/educacion-popular-ambiental/">Educación Popular Ambiental</a></div>
</div>



<div style="height:30px" aria-hidden="true" class="wp-block-spacer"></div>



<div class="wp-block-buttons is-content-justification-center is-layout-flex wp-container-core-buttons-is-layout-fe48e5de wp-block-buttons-is-layout-flex">
<div class="wp-block-button"><a class="wp-block-button__link wp-element-button" href="https://reentramadosparalavida.org/index.php/defensa-del-territorio-y-feminismos-comunitarios/">Defensa del Territorio y Feminismos Comunitarios</a></div>
</div>



<div style="height:30px" aria-hidden="true" class="wp-block-spacer"></div>



<div class="wp-block-buttons is-content-justification-center is-layout-flex wp-container-core-buttons-is-layout-fe48e5de wp-block-buttons-is-layout-flex">
<div class="wp-block-button"><a class="wp-block-button__link wp-element-button" href="https://reentramadosparalavida.org/index.php/fortalecimiento-politico-organizativo/">Fortalecimiento Político Organizativo</a></div>
</div>



<div style="height:30px" aria-hidden="true" class="wp-block-spacer"></div>

<p>Nuestra lucha se centra en fortalecer a las organizaciones comprometidas con la defensa del territorio y la justicia ambiental. Frente a los múltiples desafíos que enfrentamos, buscamos soluciones mediante el trabajo organizado. A través de nuestras líneas estratégicas, impulsamos alternativas para el manejo responsable y sostenible de los bienes territoriales.</p>
